 - j. Is q a multiple of 4?
False
Suppose -t - 7349 = -5*d, -5*d + 12*t - 16*t + 7354 = 0. Does 30 divide d?
True
Suppose -21*q + 18828 = -12*q. Is 31 a factor of q?
False
Suppose 2527 = 5*l - 23. Is 51 a factor of l?
True
Let b = -108 - -59. Is (-95)/(-7) - 21/b - 1 a multiple of 4?
False
Suppose 3*n = 3*k - 6, -5*n - 14 = -3*k - 10*n. Suppose -198 = -k*p + 36. Does 39 divide p?
True
Let g = 23 + -23. Let p = g + 3. Is 3 a factor of p?
True
Let h(y) = 4*y**2 + 13. Is 9 a factor of h(7)?
False
Let g = 10 - 3. Let a(l) = l**2 - 10*l + 15. Let z be a(g). Is 6 a factor of (12 + z)/(1/2)?
True
Let i be 11/(77/(-60))*-7. Suppose f - 4*c - 36 = 0, -5*c = -3*f + f + i. Does 20 divide f?
True
Suppose -71*b + 18*b + 89093 = 0. Is b a multiple of 41?
True
Let h be 54/7 + 12/42. Suppose h*l - 416 = 4*l. Is l a multiple of 26?
True
Let h = 65 + -39. Let q be (h/(-14) + 1)*28. Let s = q - -35. Is s a multiple of 4?
False
Let a = -11 - -16. Suppose a*k + 3 = -2*g - 109, k - g + 21 = 0. Is 4 a factor of 0 + 1 - (k + 7)?
True
Suppose -5*n + x = -8*n + 1661, -4*x - 1636 = -3*n. Is 12 a factor of n?
True
Let n be (-3)/2*(1 + 5). Let o = n - -17. Let y = 16 + o. Does 5 divide y?
False
Let i(c) be the third derivative of c**4/24 - c**3/2 - 7*c**2. Let h be i(-5). Is 19 a factor of (-172)/(-2) - (h - -8)?
False
Let h(q) = -10*q - 20 + 3 - 3 + 2. Does 10 divide h(-9)?
False
Let d(x) = x**3 - x**2 - 9. Let p be d(0). Let r be (-36)/2*21/p. Does 20 divide 2532/r + (-2)/7?
True
Let x = -13 + 8. Is 35 a factor of 144 + -1 + x + 2?
True
Let q(b) = -41*b + 20. Is q(-20) a multiple of 28?
True
Suppose -7*r + 26*r - 5985 = 0. Is r a multiple of 63?
True
Let f = 7 + 2. Suppose f - 7 = -m. Let v(w) = -5*w**3 + 2*w**2 + 4*w + 4. Is 11 a factor of v(m)?
True
Let k(j) = j**2 + 4*j - 4. Let z be k(-5). Is 8 a factor of (-2 + 0 - z)/(11/(-33))?
False
Suppose 7*b - 2*b = 25. Let c(g) = -40*g**2 - 5*g. Let n(d) = 81*d**2 + 9*d + 1. Let m(y) = b*c(y) + 3*n(y). Is m(-1) a multiple of 19?
False
Let r(z) be the first derivative of z**4/4 + 4*z**3 + 5*z**2 - 4*z + 5. Is 7 a factor of r(-11)?
True
Let t = 616 + 603. Does 23 divide t?
True
Suppose -4*o + 3 = -3*o. Suppose 0 = o*q + 5*y - 149, 2*q - q = -3*y + 55. Let h = q + -22. Is 7 a factor of h?
True
Suppose -3*k - 16 = -37. Let h(l) = -l**3 - 6*l**2 + 8*l + 10. Let x be h(-7). Suppose -k*j + x*j = -132. Does 10 divide j?
False
Suppose 3*v - 3*m - 318 = -6*m, 0 = -v - 3*m + 102. Does 3 divide v?
True
Suppose -35*t - 436 = -34*t. Let j = t + 231. Let u = -144 - j. Is u a multiple of 20?
False
Suppose i + 35 = 13. Let f = 22 + i. Suppose -g + f = -22. Is g a multiple of 13?
False
Let o(q) = 2*q - 14. Let h be o(7). Suppose h = 2*a + n - 118 + 23, 92 = 2*a + 4*n. Is a a multiple of 16?
True
Suppose -6*l + 2*l = -24. Suppose 0*z + l*z = 870. Does 29 divide z?
True
Let n be 2*((-560)/2)/(-4). Does 7 divide (3 + 0)*n/12?
True
Is 7 a factor of -10*15/(-50) + 164/2?
False
Does 32 divide 14970/48 - 2/(-16)?
False
Suppose -3*l + 686 = 5*a, 3*l + 0*l + 4*a = 691. Is 19 a factor of l?
False
Suppose -30*q + 15*q = -13650. Is q a multiple of 70?
True
Suppose -37*f + 6281 = -1489. Is f a multiple of 70?
True
Suppose 66 = -0*z + 3*z. Let a = z - -71. Is a a multiple of 31?
True
Let o(j) = j**3 + 10*j**2 - 12*j + 1. Let t be o(-11). Is 9 a factor of t*(-4)/(-8)*6?
True
Let i be 0/7*(-1)/1*-1. Let z(v) be the first derivative of v**2/2 + 95*v + 1. Is z(i) a multiple of 20?
False
Let f be (-1)/(4/20 + 0). Let n = -20 - -24. Let q = n - f. Does 3 divide q?
True
Let i = -4 + -3. Suppose -21*b = -26*b + 10. Let a = b - i. Is 5 a factor of a?
False
Let h be (-1)/(((-4)/2052)/1). Let d = -323 + h. Is 16 a factor of d/6 + (-12)/(-36)?
True
Suppose 0 = -4*w + 5*d + 231, -3*w + d = 5*d - 150. Is w a multiple of 6?
True
Suppose -3*n = 4*o - 24, 8*n - 3*n = -2*o + 12. Suppose 0 = -o*i + 4*i. Suppose -2*f + 2*m + 28 = i, 5*f - 2*m - m - 70 = 0. Is f a multiple of 6?
False
Suppose -4*v + v = -3*s - 12, -v - s = -8. Suppose -2*q - 7 = -v*q + d, 5*d - 13 = 4*q. Let l(x) = x**3 + 2*x**2 + 4*x - 4. Is l(q) a multiple of 11?
False
Let z(b) be the first derivative of -b**4/4 + 2*b**3 + 3*b**2/2 - 10*b - 1. Does 4 divide z(5)?
False
Suppose 6*n = 29*n - 5037. Is n a multiple of 7?
False
Let h(t) = t**2 - 3*t - 11. Is h(-27) a multiple of 22?
False
Let z be ((-48)/14)/(4/(-84)). Is 14 a factor of (-3 + 8/12)/((-1)/z)?
True
Suppose 0 = 4*z - 3*z - 4. Suppose 0 = 5*j + z*l - 12, -4*l + 9 + 3 = 0. Let o = j + 11. Does 11 divide o?
True
Does 17 divide ((-4352)/40)/(2 - 164/80)?
True
Suppose 28698 - 5563 = 35*z. Is 42 a factor of z?
False
Suppose 5 = -2*m + 4*m - x, 10 = -5*m - 5*x. Let t = 8 + m. Let f = 17 - t. Does 8 divide f?
True
Suppose 0 = t + 4*b - 20 - 26, 0 = 2*t - 5*b - 27. Suppose 2*m - 17 = 5*j, j = -2*m - 2*j + 41. Let y = t - m. Is y a multiple of 9?
False
Let o = 44 + 36. Is o a multiple of 20?
True
Let m(n) = -n. Let v be m(-3). Suppose 0 = v*c - 0*c. Suppose -2*q + c*q = -28. Does 7 divide q?
True
Let f be ((-12)/10)/(45/(-75)). Suppose -f*k - 4 + 36 = 0. Is 4 a factor of k?
True
Suppose 36*x + 2537 = 50921. Is 10 a factor of x?
False
Let q(z) = -2*z - 4. Let u be q(2). Let y = u - -13. Suppose -108 - 82 = -y*m. Is 18 a factor of m?
False
Is 11 a factor of 6/10 + 43/((-3010)/(-25368))?
True
Let q(z) = -1. Let f(b) = b - 13. Let u(m) = f(m) - 5*q(m). Let j be u(-6). Let x = 6 - j. Is 16 a factor of x?
False
Suppose -3*l - 3*i + 18 = 0, -3*l + 5*i + 6 = 4*i. Suppose t + 5*g + 16 = 2*t, 2*t + l*g + 33 = 0. Let p(s) = s**3 + 11*s**2 + 14*s + 9. Does 15 divide p(t)?
True
Let f(b) = 12*b**2 - 9*b + 8. Is 64 a factor of f(8)?
True
Let u = -96 + 63. Let x = -29 - u. Suppose 4*y + 2*g = 42, x*y + 4*g + 0*g = 48. Is 8 a factor of y?
False
Suppose 0 = -n + 469 - 73. Let h = -391 + 195. Does 11 divide (-1)/(2 + n/h)?
False
Let l(f) = -28*f + 2. Let h be l(-3). Suppose 189 + h = 5*d. Let o = d + -32. Is o a multiple of 5?
False
Let k(z) be the first derivative of 11*z**3/3 + 3*z**2/2 - 2*z + 1. Let q be k(1). Suppose -17*m = -q*m - 140. Is m a multiple of 14?
True
Let b be 1008/54*(-9)/4. Let w(g) = g**3 + 2*g**2 - g + 1. Let h be w(-4). Let s = h - b. Is 15 a factor of s?
True
Let m be -214 + (1 - (0 - -3)). Let w = -108 - m. Does 9 divide w?
True
Let q be 17/(-5) - 6/10. Let s(l) = -15*l + 15. Is s(q) a multiple of 15?
True
Let g be (-275)/(-4) - (-51)/(-68). Let j = g + -60. Is 2 a factor of j?
True
Let c(t) = 4*t + 9. Let k be c(-4). Let z(m) = -2*m**3 + 7*m**2 - 2*m - 7. Let a(j) = -j**3 + 3*j**2 - j - 4. Let s(u) = k*a(u) + 3*z(u). Is 3 a factor of s(0)?
False
Suppose -7*b + 18434 = 4434. Is b a multiple of 11?
False
Let m = 0 - 7. Let t be 3/(3/(-2)*1). Does 7 divide t/(-7) - 271/m?
False
Let t be (9/6)/(6/36). Suppose 0 = -5*s + 4*s + t. Suppose -x + s - 4 = 0. Is 5 a factor of x?
True
Suppose 2*g - 2*x = -0*g + 6, 2*g - 20 = -5*x. Suppose 0 = -g*w + 49 + 71. Is 9 a factor of w*(3/(-6) - -1)?
False
Suppose -4*w + 91 = 5*r, 3*r - 5*r + 2*w + 22 = 0. Suppose -4*b = -b - r. Suppose -6 = 2*t - 2, 0 = k - b*t - 104. Is k a multiple of 27?
False
Let g = -592 - -814. Does 74 divide g?
True
Suppose 2*h + 26 = 132. Suppose -7*i - 245 = -5*z - 2*i, z - h = 3*i. Is z a multiple of 7?
False
Suppose 0 = 9*v + 30*v - 24453. Is v a multiple of 54?
False
Let w(d) be the third derivative of d**5/12 + 11*d**4/12 + 3*d**3/2 - 2*d**2 - 24*d. Is 17 a factor of w(-10)?
True
Let t = 16 + -28. Let b be 60/9 + (-16)/t. Suppose -3*s + b = -13. Is s even?
False
Let a = -47 + 55. Suppose a = 10*n - 122. Is n a multiple of 13?
True
Let q be 52/5 - 6/15. Suppose q*v = 7*v + 12. Let z = 4 + v. Is z even?
True
Let v = -23 - -27. Suppose 77 = 3*t - d, -2*d - 58 = -v*t + 44. Is 2 a factor of t?
True
Suppose -3*c + 91 = 4*l - 2*c, -3*l = -5*c - 74. Is l a multiple of 23?
True
Let i = -52 + 81. Suppose -i*z + 27*z = -572. Does 27 divide z?
False
Let l = -63 - -228. Suppose -56 = -8*s + 3*s + 3*b, -s - 5*b = 0. Suppose -s*d + l = -5*d. Does 12 divide d?
False
Suppose 65356 = 52*z - 45092. Is 12 a factor of z?
True
Let f be (-40)/(-10) - (-116 + 0). Suppose y = -4*y + f. Is 15 a factor of y?
False
Let x = -74 + 93. Let l = 55 - x. Does 18 divide l?
True
Suppose -3*y + 14 = -16. Suppose 4*u = 20, 2